s of 64/q + 2330/6?
2, 97
Let z = 159 - 74. Suppose 0 = -3*l + z + 107. Let p = 135 - l. What are the prime factors of p?
71
Let v = -2 - -7. Let z(m) = -448*m + 10. Let w be z(-1). Suppose 0 = v*f - 4*d - 1141, 2*f + 4*d - w = 6*d. What are the prime factors of f?
3, 5
Let i = 79 - 74. Suppose 2*j + 286 = s - 236, -5*s - 1335 = i*j. Let a = j - -372. What are the prime factors of a?
109
Let m(s) = -s**2 - 45*s - 18. Let j = -604 + 575. What are the prime factors of m(j)?
2, 223
Let z be 16 + -1 + 8/4. Let u = z - 15. Suppose q + u*k + 86 = 4*q, -5*q + 140 = -5*k. List the prime factors of q.
2, 3, 5
Let g(f) = -2*f - 2*f**2 + 7*f**2 + 5*f**2 - f**2. Let m(c) = c**2 - 8*c + 15. Let j be m(2). What are the prime factors of g(j)?
3, 5
Suppose 20 = 2*y - 4*q + 628, 3*y + 4*q = -922. Let t = y + 212. List the prime factors of (2 - t/4)/(9/60).
2, 5, 17
Let c(l) = l**2 + 8*l + 8. Let v be c(-13). Suppose 5*f - 953 = -v. What are the prime factors of f?
2, 11
Let n(x) = -1077*x - 320. What are the prime factors of n(-34)?
2, 18149
Let o be -1 + 31/4 + (-1606)/(-6424). Let v be (-1)/((0 - -1)/(-123)). Suppose o*i + v - 333 = 0. List the prime factors of i.
2, 3, 5
Let b = 34742 + -12476. What are the prime factors of b?
2, 3, 1237
Suppose 2*d - 3*z - 26642 = 0, d + 4*z + 1175 = 14496. List the prime factors of d.
7, 11, 173
Let h be ((-16)/(-2) - 7) + 1 + -1. List the prime factors of (-30051)/(-108) + (-2)/8*h.
2, 139
Let w(v) = v**3 + 17*v**2 + 15*v - 13. Let h be w(-16). Suppose 22 = h*k - 122. Suppose -k + 20 = -4*s. What are the prime factors of s?
7
Let v(y) = -75*y**3 + 2*y**2 + 18*y - 4. Let g be v(-8). Suppose 42*s - g = -454. What are the prime factors of s?
3, 7, 43
Suppose 0 = 6*t - 0*t - 24. Let y be 1/(0 - (-1)/t). Let v(s) = -s**3 + 3*s**2 + 7*s + 8. List the prime factors of v(y).
2, 5
Let v = 587 - 355. Let z = v + -157. List the prime factors of 1 + z - (-2 + 2 - 3).
79
Suppose 4*v + 28 + 25 = 3*p, 0 = -2*p - v + 39. Let h = p - -532. What are the prime factors of h?
19, 29
Let n(j) = 2*j**2 + 39*j - 3691. What are the prime factors of n(-79)?
2, 5, 571
Let d(a) = 7*a**2 + 30*a - 611. What are the prime factors of d(22)?
7, 491
Suppose -4 = 2*v - 5*f, -5*v - 14*f = -13*f + 37. List the prime factors of (v/3)/((-11)/495).
3, 5, 7
What are the prime factors of -8 - 15/((-135)/37458)?
2, 31, 67
Suppose 49*z + 19071 = 88*z. List the prime factors of z.
3, 163
Suppose -10*g = -30918 + 528. What are the prime factors of g?
3, 1013
Suppose 4*p + 3*m - 1762 = 0, 28*p + 5*m + 2150 = 33*p. What are the prime factors of p?
2, 109
Suppose 5*k - 5 = 3*z, -4*k - 9 = 5*z - 50. Suppose -z*i + 22 = -3*u, -5*u = -i - 6 + 28. Suppose i*c - 96 = -0*c. What are the prime factors of c?
2, 3
Let z = 50 - 52. List the prime factors of (-179)/((8 - 5) + (z - 2)).
179
Let z(c) = 9*c**2 + 3*c + 36. Let y be z(8). Let n = y + -161. List the prime factors of n.
5, 19
Suppose 3*v + m - 5 = 0, 5*v - 2*m = -0*m + 12. Suppose -833 = -2*l + 3*o + 2374, 5*o + 3205 = v*l. List the prime factors of l.
3, 5, 107
What are the prime factors of 1028861/172 - (-14)/(-8)?
2, 5, 13, 23
Let m be (2*(-1)/(-2))/((-14)/(-56)). Suppose -5*w + m*s = 92, 63 = -2*w + 5*s + 16. Let x = 62 + w. List the prime factors of x.
2, 23
Let h(p) = 2*p**2 + 45*p + 403. List the prime factors of h(85).
2, 3, 11, 283
Suppose 25019 = 42*a - 22021. Suppose -632 = -1122*y + a*y. List the prime factors of y.
2, 79
Let h = 643 - -3707. List the prime factors of h.
2, 3, 5, 29
Suppose r - 2*l - 716 = -3*r, -714 = -4*r + 3*l. Let p be ((r/25)/1)/(1/15). Suppose 112*h = p*h + 616. List the prime factors of h.
2, 7, 11
Let f = -61947 - -100613. List the prime factors of f.
2, 19333
Let p = 605 - 594. Suppose 7121 = p*a - 1261. List the prime factors of a.
2, 3, 127
Let b(i) = 601*i**2 + 8*i + 89. List the prime factors of b(-4).
17, 569
Suppose -1545272 = -127*x + 6795. What are the prime factors of x?
11, 101
Let b be (-1506)/36 - 10/(-12). Let n = 1 - -86. Let m = b + n. What are the prime factors of m?
2, 23
Let i(j) = 1 - 26*j - 10*j**2 - 3*j**3 + 29*j - 5*j**2 + 3. Let w be i(-7). Let s = w + -39. List the prime factors of s.
2, 7, 17
Suppose 14*c - 17*c = -3213. What are the prime factors of c?
3, 7, 17
Suppose -835*q = -851*q + 229456. What are the prime factors of q?
14341
Let r(t) be the first derivative of 25 - 6*t + 9/2*t**2. List the prime factors of r(4).
2, 3, 5
Let t(w) = 4*w**2 - 10*w - 16. Let y(q) = q**2 + 32 - 8*q**2 + 27*q - 6*q. Let f(o) = -5*t(o) - 3*y(o). What are the prime factors of f(-8)?
2, 19
Suppose -4*k + 29 = j, 6*k = 3*k - 2*j + 28. Suppose -k*g = -7*g, -4*o - g + 1648 = 0. What are the prime factors of o?
2, 103
List the prime factors of (-162)/(-18) - -71*102.
3, 2417
Suppose 0 = -2*l - 8 + 14, -4*o + l = -17. Suppose 0 = o*y + 3*n - 65, -4*n - 14 = -5*y + 16. List the prime factors of y.
2, 5
What are the prime factors of ((232638/9)/(-7))/(26/(-39))?
29, 191
Let z(x) = 8*x - x**2 + 109 + 0*x + 5*x**2 + 4*x**2 + 129. List the prime factors of z(-13).
2, 743
List the prime factors of 19467982/1494 - 4/(-18).
83, 157
Let t be ((-1)/(-2) - 3765/30) + -5. What are the prime factors of 2132/t*(-5)/1?
2, 41
Let d(q) = -1249*q**3 + 4*q + 6. Let k be d(-3). Suppose 27*v - k = 7485. What are the prime factors of v?
2, 7, 109
Let x(b) = -b**3 - 3*b**2 - b + 1. Let a be x(-1). Let f(o) = o**2 - o + 259. List the prime factors of f(a).
7, 37
Suppose 5*o = -4*n + 6, o + 3 = -2*n - 3*n. Suppose 8*r + o*r = 200. Suppose -r*k + 24*k = 124. What are the prime factors of k?
31
Let z = 68 + -68. Suppose -4*k + 2*l = 6*l - 3204, k - 3*l - 809 = z. What are the prime factors of k?
11, 73
What are the prime factors of 12/(-80) + (-37993733)/(-1420)?
2, 6689
Let l be (3/6)/(1/(-876)). Let c = -298 - l. What are the prime factors of (-614)/(-8) + (-7)/(c/(-5))?
7, 11
Let k(h) = 113*h + 20. Let g be k(-5). Let x be ((-4)/10)/((-1)/g*-1). Let c = x - 46. List the prime factors of c.
2, 43
Let k(a) = a**2 + 12*a + 3. Let p be k(-12). Suppose -p*m - 5*j = -3004, -28*j + 994 = m - 30*j. What are the prime factors of m?
2, 499
Let t(q) = -q**3 - 12*q**2 - 10*q + 25. Let y be t(-11). What are the prime factors of (2/3)/(y/189)?
3
Suppose -32542*n = -32540*n - 12. Let t(a) = 6*a - 1 + a**2 + 3 + 3*a. List the prime factors of t(n).
2, 23
Let c(z) = 35*z**2 + z - 18. Let t be c(-4). Suppose -2*f + 0*f - 3*i + 566 = 0, 4*i = 2*f - t. What are the prime factors of f?
277
Let s(m) = m**3 - 40*m**2 - 40*m + 4. Let l be s(41). Suppose -50*h + 8790 = 5*r - l*h, r - h = 1758. List the prime factors of r.
2, 3, 293
Let w(h) = -6*h + 8. Let j be w(4). Let v = 132 - j. Let u = -106 + v. List the prime factors of u.
2, 3, 7
Let k be (-7)/((-21)/(-445)) - 2/(-6). Let s = -74 - k. Let i = 105 - s. What are the prime factors of i?
31
Let t(x) = 3*x - 24. Let m be t(10). Let g(c) = -5*c**2 - 6*c - 30 + m*c**2 - 7*c. List the prime factors of g(20).
2, 5, 11
Suppose 7*x - 3*x - 4*v = 5708, 0 = 5*v + 10. Suppose 6*g - x = -87. What are the prime factors of g?
223
Suppose -2*p + 6*p - 4400 = 0. Suppose p = -32*g + 37*g. What are the prime factors of g?
2, 5, 11
Let w(f) = 39*f**2 + 81*f + 18. What are the prime factors of w(21)?
2, 3, 1051
Suppose -4*l = -2365 - 1759. Let g = l + -640. List the prime factors of g.
17, 23
Let p = 7960 - -13512. What are the prime factors of p?
2, 11, 61
Suppose -5*f = -6*v + 2*v - 2, 2*v = -2*f - 10. Suppose -68*w = -2262 - 9570. What are the prime factors of (w - 30)*(-1)/f?
2, 3
Suppose -296*p = -9392460 - 10502884. What are the prime factors of p?
2, 7, 4801
Suppose -2*m = 8 - 16. Suppose -5*f = u - 2495 - 1558, -3*u + 3238 = m*f. List the prime factors of f.
811
Let o = 453 - 46. Let v = 691 - o. What are the prime factors of v?
2, 71
Let p = 91640 + -36857. List the prime factors of p.
3, 2029
Suppose 17627 = -34*f + 108611. List the prime factors of f.
2, 3, 223
Suppose 7*y - 4*y - 942 = 0. Let i = y - 214. What are the prime factors of 18575/i - 1/(-4)?
2, 3, 31
Suppose -4*b = 4*v - 18356, -3*v + 18*b + 13732 = 14*b. What are the prime factors of v?
2, 3, 191
Suppose 5*o + 10 = 15. List the prime factors of (o - (-3 + 5)) + 488.
487
Suppose -1410 = -4*l + 2*u, 5*u - 550 + 192 